8 = 2*c + 109, -5*c + 10 = x. What is the units digit of a?
9
Suppose 4*d - 27 - 13 = 0. What is the tens digit of ((0 - -1) + (-80)/d)*-14?
9
Suppose -g - 3*v + 5*v = -405, g = -5*v + 405. Suppose 3933 = 14*k + g. Suppose -k - 533 = -5*b. What is the tens digit of b?
5
Let p = 2135 - 245. What is the tens digit of p?
9
Suppose -909 = -v - 3*x, -1567 - 1230 = -3*v + 5*x. Suppose 2*n + v + 617 = 3*t, 5*n = 25. What is the tens digit of t?
1
Let f be (8/(-3))/(-4)*246/(-41). What is the hundreds digit of 3/18 - ((-13983)/18 - f)?
7
Suppose j - 5*j - 692 = -4*b, -5*j - 358 = -2*b. Let r = 4860 - 4875. Let m = r + b. What is the units digit of m?
4
Let u(o) = 19*o**2 + 33. Let s be u(-5). Suppose 0 = 5*m - s - 852. What is the hundreds digit of m?
2
Suppose -4*t + 3344 = -2*t + 4*i, -5*t + 4*i + 8290 = 0. Suppose 1524 = 9*x - t. What is the hundreds digit of x?
3
Let t(y) = -y**3 + y**2 + 3*y + 3. Suppose 4*b - 4 = 24. Suppose -2*s - b = -1. What is the units digit of t(s)?
0
Suppose 4*d + 27 = 5*d. Suppose 0 = -3*y + 6*y - d. Let v(i) = -i**3 + 11*i**2 - 6*i - 21. What is the tens digit of v(y)?
8
Suppose 4*h + 121 = 5. Let z = h + 35. What is the units digit of (-3)/(-1) - ((-1 - z) + -61)?
1
Let i(z) = 238*z - 956. Let y be i(4). Let t(f) be the first derivative of 10*f**3/3 - 9*f - 2. What is the tens digit of t(y)?
5
Let c(l) = -6*l**3 - 9*l**2 + 6*l - 10. Let r be c(-5). Let v = r - 229. What is the hundreds digit of v?
2
Let d = 832 - 1445. What is the tens digit of 76/19 - (d - 1)?
1
Suppose -2*x - 55 + 49 = 0, z + 4*x = 9296. What is the thousands digit of z?
9
Let c(i) be the third derivative of -i**6/144 + 29*i**5/120 - 35*i**4/24 - 10*i**2. Let n(j) be the second derivative of c(j). What is the tens digit of n(-10)?
7
Let i(l) be the first derivative of -5*l**5/12 - l**4/24 + 2*l**3/3 - 10. Let u(w) be the third derivative of i(w). What is the units digit of u(-1)?
9
Suppose 0 = -571*w + 10318666 - 900592. What is the thousands digit of w?
6
Suppose -8*b + 4*b - 16 = 0. Let x be (-1 + 28/(-16))*b. Suppose 8*z - 5 = x. What is the units digit of z?
2
Suppose 11*t = 79624 + 5098. What is the hundreds digit of t?
7
Let a = -796 + 1976. Suppose 6*d + a = 16*d. Let v = d - 32. What is the units digit of v?
6
What is the hundreds digit of 78110/(-15)*(-2)/((-20)/(-15))?
8
Let l(u) = -4*u - 6*u**2 + 11*u**2 - 2*u**3 + 15 - 16. Let s be l(2). What is the tens digit of 10592/80 + (-3)/s?
3
Let j = 564 - 190. Suppose -r + j - 111 = 0. What is the hundreds digit of r?
2
Let v(z) = z**2 + 7*z + 6. Let m be v(-5). Let h be -1*(-3 - (m - -2)). What is the tens digit of (0 + h)*(-3 - -5 - -21)?
2
Let f = -95 + 94. What is the tens digit of 916/6 - f*(-1)/(-3)?
5
Let k = -574 - -577. Suppose 3*o - 7*n = -11*n + 2697, k*n - 4484 = -5*o. What is the units digit of o?
5
Suppose -75554 = -27*y + 309628. What is the thousands digit of y?
4
Let o(d) = -d**3 - 64*d**2 + 61*d + 944. What is the hundreds digit of o(-67)?
3
Suppose 27 = 5*j - 38. Suppose 0 = 5*o + 3*d - 6*d - 35, j = 2*o - d. Suppose 399 - 111 = o*x + q, -3*x + 4*q + 235 = 0. What is the units digit of x?
3
What is the ten thousands digit of 1*846*935*42/693?
4
What is the units digit of 2 + (50228 - (-100)/5)?
0
Let p = 198 + -196. Suppose p*j = 2*k - 222, -4*k + j + 225 = -225. What is the units digit of k?
3
Let a(v) = 38 + 18*v + 67 - 46*v. What is the tens digit of a(-13)?
6
Let y(f) = 8*f - 12. Let b be y(3). Let t be b*(-4)/(-6) - (-20)/(-10). What is the units digit of 460/15 - (-2)/t?
1
Let d(v) = 1159*v + 2075. What is the hundreds digit of d(4)?
7
Suppose 4*o + 24 + 168 = 4*x, -2*x + o + 93 = 0. Suppose -u = 4*c + x - 673, -5*c + 5*u + 760 = 0. What is the hundreds digit of c?
1
Suppose 3*w + 2*n - 2794 = 0, 5*n = 4*w + 382 - 4138. Suppose -3*x + 4*d + 608 - 56 = 0, 0 = 5*x - 2*d - w. What is the tens digit of x?
8
Suppose 61192 = 14*i - 115040. What is the units digit of i?
8
Let y(z) = 2*z**3 - 6*z**2 + 9*z - 4. Let l be y(2). Let g be 165/l - (-1)/(-2). What is the units digit of g*(-24)/4*(-4)/8?
1
Let w(h) = h**3 + 36*h**2 - 28*h + 123. What is the units digit of w(-32)?
5
Suppose -10 = -2*s, -5*y = 43*s - 45*s - 18745. What is the hundreds digit of y?
7
Suppose 0 = -5*o + 20 - 0. Let h(c) = 5*c**2 + 4 - 2*c + 4*c**2 - 5*c**2. What is the tens digit of h(o)?
6
What is the thousands digit of 640134/8 - (-39)/12?
0
Let w(o) = -107*o - 4. Suppose 0 = l + 3*f + 16, -4*l - 114 = l - 2*f. Let y be (-2)/11 + (-2)/l*-9. What is the hundreds digit of w(y)?
1
Suppose -6*y + 16 = 2*y. Suppose -2*h + 706 = 4*m, 5*m - 2*m = -y*h + 527. What is the tens digit of m?
7
Let v be (735/12)/5 - 3/12. What is the units digit of -2*(14/42 - 610/v)?
1
Suppose -33*v = -37*v + 20. Suppose -5*x + v - 20 = 0. Let m = x + 109. What is the hundreds digit of m?
1
Suppose -5*a + 5 = -4*k, 13*k - 12*k + 10 = 3*a. Suppose k*m + 3*d = 999, 245 + 758 = 5*m + d. What is the units digit of m?
1
Let t(n) = 2*n + 7*n - 7*n + 30 - 5. Let q be t(-11). What is the tens digit of (-274)/q*((-3)/(-6) + -2)?
3
Let m = 141 + -133. Let q(k) = 6*k + 6*k + 8*k + 29*k + m. What is the units digit of q(2)?
6
Suppose 8161 - 21697 = -6*o. Suppose -4*d + o = 332. What is the units digit of d?
1
Let l(h) = -h**3 - 40*h**2 + 40*h - 37. Let j be l(-41). Suppose 2780 = m + j*m. What is the hundreds digit of m?
5
What is the thousands digit of 7914 - 0/(-2 - -1)?
7
Suppose 932 = 10*v - 418. Suppose z = -3*c + 5*c + 40, 3*z = 3*c + v. Let w = z - 4. What is the tens digit of w?
4
Suppose 0 = 4*y + r - 19, y - 5*r = 4*y + 7. Let b be 2/14 + 108/(-21) + y. What is the tens digit of 4/(((-5)/(-70))/b)?
5
What is the units digit of ((-31638)/16)/(56/224)*126/(-27)?
1
Suppose -3*v = -4 - 2. Suppose 4*t = t - 2*u + 16, 0 = -t + u + v. Suppose -t = -4*y + 12. What is the units digit of y?
4
Suppose -3*r = -6, -486 = 2*p - 7*p - 3*r. Let k = 100 - p. What is the units digit of (k - 50/15)*93?
2
Let u = 554 + -426. Suppose -4*j + 3*b = -20, 5*j + 10 = -0*j - 5*b. Suppose -u = -d + k, -j*d + 132 = -d + k. What is the units digit of d?
0
Suppose 0 = -2*c + 3*f + 50465, -5*f - 50467 = 19*c - 21*c. What is the hundreds digit of c?
2
Let m(p) = p**2 - 18*p - 24. Let t be m(22). Let x be t/(3/6*-1*-2). Suppose 79 + x = 11*k. What is the tens digit of k?
1
Suppose -4*t = -112 + 24. Let u = 14 - t. What is the tens digit of (u/(-6))/((-1)/(-33))?
4
Let a(p) = -2*p**2 + 41*p + 64. Let s be a(20). What is the tens digit of (s/30)/((-6)/(-210))?
9
Suppose -21*n = 367 - 108223. What is the tens digit of n?
3
Suppose 2*q - 64*q + 1570790 = -19*q. What is the tens digit of q?
3
Let o(s) = 4799*s**2 + 6*s - 7. Let n be o(1). Suppose -8*m + n = 5*x - 5*m, -2*m + 1920 = 2*x. What is the tens digit of x?
5
What is the thousands digit of -6*8/(-96)*27194?
3
Let j = 3312 + 3066. What is the units digit of j?
8
Let j(p) = 2*p - 1 - 6*p**2 - 25*p**2 - 4*p**2 - 2*p**2 - 15*p**3. What is the hundreds digit of j(-5)?
9
Let l = 4872 - 972. What is the tens digit of l?
0
Let l(r) = 7*r**2 - 9*r + 177. What is the hundreds digit of l(14)?
4
What is the hundreds digit of 767*(23 - (9 - (-33)/(-11)))?
0
Suppose 3*q + 4*g + 526 = 0, 5*q + g + 896 = 4*g. Let p = q + 121. Let l = p - -168. What is the tens digit of l?
1
Let d be (20/15)/(2/(-12)). Let b(h) = -2*h - 13. Let y be b(d). Suppose 0 = -3*r + 6*r - 5*g - 513, -r + y*g + 167 = 0. What is the units digit of r?
6
Let d(i) = -i + 14. Let g be d(10). Let n be g + 2 + (0 - 0). Suppose 111 = n*q + 15. What is the tens digit of q?
1
Suppose 5*h - 2*j - 194940 = 0, -3*h + 125750 = 3*j + 8786. What is the ten thousands digit of h?
3
Let q = 11718 + 2462. What is the tens digit of q?
8
Let v = -143 + 251. Let d = v + -21. Let b = d + -84. What is the units digit of b?
3
Let p = 20688 - 6669. What is the ten thousands digit of p?
1
Let r(l) = -l**2 + 14*l - 12. Let f be r(12). Let a(z) = -z**2 + 37*z + 8. What is the hundreds digit of a(f)?
3
Let m(k) = 26*k - 39. Let g be m(8). What is the units digit of g/(-2)*(13/(-1) - -3)?
5
Let k(m) be the third derivative of 103*m**4/24 - 13*m**3/3 - 2*m**2 - 31. What is the tens digit of k(1)?
7
Let l = 2433 - 1235. What is the thousands digit of l?
1
Let d = 2124 + -1332. Suppose 69*o